{"id":30,"date":"2024-01-01T13:58:23","date_gmt":"2024-01-01T13:58:23","guid":{"rendered":"http:\/\/www.mmsaarelaoy.fi\/?page_id=30"},"modified":"2024-01-01T14:45:22","modified_gmt":"2024-01-01T14:45:22","slug":"vuokrausehdot","status":"publish","type":"page","link":"https:\/\/www.mmsaarelaoy.fi\/index.php\/vuokrausehdot\/","title":{"rendered":"Vuokrausehdot"},"content":{"rendered":"\n<ol class=\"wp-block-list\">\n<li>SOPIJAPUOLET JA SOVELTAMISALA<br>N\u00e4it\u00e4 vuokraehtoja sovelletaan M&amp;M Saarela Oy:n (\u201dvuokralleantaja\u201d) ja vuokralleottajan (\u201dvuokraajan\u201d) v\u00e4lill\u00e4.<\/li>\n\n\n\n<li>VUOKRA-AIKA<br>Vuokra-aika ja vaaranvastuu alkavat p\u00e4iv\u00e4st\u00e4, jolloin kalusto noudetaan tai vuokralleantajan toimesta toimitetaan vuokraajalle. Vuokra-aika ja vaaranvastuu p\u00e4\u00e4ttyv\u00e4t p\u00e4iv\u00e4n\u00e4, jolloin on ennalta sovittu tai jolloin kalusto palautetaan kaikkine vuokrattuine tarvikkeineen vuokralleantajalle.<\/li>\n\n\n\n<li>KALUSTON LUOVUTTAMINEN<br>Vuokrauksen kohteena on vuokralleantajan ja vuokraajan sopima kalusto. Ty\u00f6suoritteen tekemisest\u00e4 sovitaan erikseen. Mik\u00e4li kalusto antaa aihetta huomautuksiin, Vuokraajan on teht\u00e4v\u00e4 siit\u00e4 ilmoitus vuokralleantajalle viipym\u00e4tt\u00e4.<\/li>\n\n\n\n<li>KALUSTON LUOVUTTAMINEN<br>Kalusto luovutetaan vuokraajalle sopimuksen mukaisena vuokralleantajalta. Mik\u00e4li muusta luovutuksesta on sovittu, vuokraaja vastaa kuljetuskustannuksista.<\/li>\n\n\n\n<li>VUOKRAKALUSTON K\u00c4YTT\u00d6<br>Vuokraajan tulee tutustua turva- ja k\u00e4ytt\u00f6ohjeeseen. Vuokraajan tulee k\u00e4ytt\u00e4\u00e4 kalustoa huolellisesti vain niille tarkoitettuun tavanomaiseen k\u00e4ytt\u00f6\u00f6n, k\u00e4ytt\u00e4\u00e4 laitteita k\u00e4ytt\u00f6ohjeiden mukaisesti ja tarkistaa kalusto k\u00e4yt\u00f6n j\u00e4lkeen. Paljujen puhdistaminen ja desinfiointi on vuokralleantajan teht\u00e4v\u00e4. Tavanomaisia huoltotoimenpiteit\u00e4 lukuunottamatta vuokraaja ei saa korjata tai kolmannella osapuolella korjauttaa tai siirt\u00e4\u00e4 vuokrakoneita paikasta toiseen ilman vuokralleantajan suostumusta.<\/li>\n\n\n\n<li>VUOKRAKOHTEEN PALAUTUS<br>Vuokraajan tulee palauttaa vuokrakalusto vuokralleantajalle v\u00e4litt\u00f6m\u00e4sti sovitun vuokrakauden p\u00e4\u00e4ttyess\u00e4 sovittuun paikkaan puhdistettuna (pl. paljut) ja muutoin samassa kunnossa kuin se oli vuokralle luovutettaessa. Mik\u00e4li vuokrakohdetta ei palauteta sovittuna p\u00e4iv\u00e4n\u00e4, vuokraaja on velvollinen suorittamaan yliajalta sovittua vuokraa vastaavan korvauksen aina palautusp\u00e4iv\u00e4\u00e4n saakka, minne my\u00f6s vaaranvastuu ulottuu.<\/li>\n\n\n\n<li>VUOKRALLEOTTAJAN VASTUU<br>Vuokraaja on velvollinen korvaamaan vuokrakalustolle vuokra-aikana huolimattomuudesta ja virheellisest\u00e4 k\u00e4sittelyst\u00e4 sek\u00e4 puutteellisesta huollosta aiheutuneet vahingot ja kustannukset. Vuokraaja on velvollinen korvaamaan vuokra-aikana tuhoutuneen tai kadonnen kaluston sen uushankinta-arvoon. Vuokralleantajalla on oikeus peri\u00e4 mahdolliset, ylim\u00e4\u00e4r\u00e4iset ja huolimattoman k\u00e4yt\u00f6n vuokrakaluston puhdistus- ja kunnostuskulut vuokraajalta erikseen. Vuokraaja vastaa ty\u00f6turvallisuus- ym. m\u00e4\u00e4r\u00e4ysten mukaisten noudattamisesta.<\/li>\n\n\n\n<li>VUOKRALLEANTAJAN VASTUU<br>Vuokralleantaja vastaa kaluston normaalista kulumisesta aiheutuvista korjauskustannuksista. Vuokralleantaja ei vastaa kaluston k\u00e4yt\u00f6st\u00e4 tai rikkoutumisesta vuokraajalle mahdollisesti aiheutuvista v\u00e4lillisist\u00e4 tai v\u00e4litt\u00f6mist\u00e4 kustannuksista tai vahingoista.<\/li>\n\n\n\n<li>VAKUUTUKSET<br>Vuokrakalusto ei ole Vuokralleantajan toimesta vakuutettu omaa kuljetusta lukuunottamatta. Vuokraaja vastaa tarvittaessa vuokrakaluston asianmukaisesta vakuuttamisesta.<\/li>\n\n\n\n<li>SOPIMUSRIKKOMUS<br>Mik\u00e4li vuokraaja laiminly\u00f6 vuokrien maksamisen tai muutoin olennaisesti rikkoo t\u00e4m\u00e4n sopimuksen ehtoja, vuokralleantajalla on oikeus heti purkaa t\u00e4m\u00e4 sopimus ja ottaa vuokrakalusto takaisin haltuunsa vuokraajaa kuulematta.<\/li>\n\n\n\n<li>YLIVOIMAINEN ESTE<br>Vuokralleantaja ei ole velvollinen t\u00e4ytt\u00e4m\u00e4\u00e4n sopimusta, jos luonnonilmi\u00f6, tulipalo, konevaurio tai siihen verrattava h\u00e4iri\u00f6, lakko, ty\u00f6sulku, sota, liikekannallepano, vienti- tai tuontikielto, kuljetusv\u00e4lineiden puute, valmistuksen lopettaminen, liikenneh\u00e4iri\u00f6 tai muu sellainen este, jota vuokralleantaja ei voi voittaa, est\u00e4\u00e4 kaluston tai sen osan toimittamisen. My\u00f6s silloin, kun sopimuksen t\u00e4yttyminen edellytt\u00e4isi uhrauksia, jotka ovat kohtuuttomia verrattuna vuokralleantajalle siit\u00e4 koituvaan etuun, vuokralleantaja ei ole velvollinen t\u00e4ytt\u00e4m\u00e4\u00e4n sopimusta. Vuokralleantaja ei ole velvollinen korvaamaan Vuokraajalle sopimuksen t\u00e4ytt\u00e4m\u00e4tt\u00e4 j\u00e4tt\u00e4misest\u00e4 aiheutunutta vahinkoa ja vuokralleantajalla on my\u00f6s oikeus purkaa sopimus.<\/li>\n\n\n\n<li>VUOKRASOPIMUKSEN SIIRT\u00c4MINEN<br>Vuokraajalla ei ole oikeutta siirt\u00e4\u00e4 vuokrasopimusta eik\u00e4 luovuttaa vuokrakalustoa osaksikaan kolmannelle osapuolelle ilman Vuokralleantajan kirjallista suostumusta.<\/li>\n\n\n\n<li>RIITAISUUDET<br>Kaikki t\u00e4st\u00e4 vuokrasopimuksesta johtuvat riitaisuudet ratkaistaan vuokralleantajan kotipaikan alioikeudessa tai vuokralleantajan niin tahtoessa, vuokraajan kotipaikan alioikeudessa.<\/li>\n<\/ol>\n\n\n\n<p>Vuokraamalla M&amp;M Saarela Oy:n koneita ja laitteita, hyv\u00e4ksyt vuokraehdot.<\/p>\n\n\n\n<p><em>Maksuehto sopimuksen mukaan. Laskutuslis\u00e4 4,00 eur sis. alv 24%.<\/em><\/p>\n","protected":false},"excerpt":{"rendered":"<p>Vuokraamalla M&amp;M Saarela Oy:n koneita ja laitteita, hyv\u00e4ksyt vuokraehdot. Maksuehto sopimuksen mukaan. Laskutuslis\u00e4 4,00 eur sis. alv 24%.<\/p>\n","protected":false},"author":1,"featured_media":0,"parent":0,"menu_order":0,"comment_status":"closed","ping_status":"closed","template":"","meta":{"footnotes":""},"class_list":["post-30","page","type-page","status-publish","hentry"],"_links":{"self":[{"href":"https:\/\/www.mmsaarelaoy.fi\/index.php\/wp-json\/wp\/v2\/pages\/30","targetHints":{"allow":["GET"]}}],"collection":[{"href":"https:\/\/www.mmsaarelaoy.fi\/index.php\/wp-json\/wp\/v2\/pages"}],"about":[{"href":"https:\/\/www.mmsaarelaoy.fi\/index.php\/wp-json\/wp\/v2\/types\/page"}],"author":[{"embeddable":true,"href":"https:\/\/www.mmsaarelaoy.fi\/index.php\/wp-json\/wp\/v2\/users\/1"}],"replies":[{"embeddable":true,"href":"https:\/\/www.mmsaarelaoy.fi\/index.php\/wp-json\/wp\/v2\/comments?post=30"}],"version-history":[{"count":3,"href":"https:\/\/www.mmsaarelaoy.fi\/index.php\/wp-json\/wp\/v2\/pages\/30\/revisions"}],"predecessor-version":[{"id":37,"href":"https:\/\/www.mmsaarelaoy.fi\/index.php\/wp-json\/wp\/v2\/pages\/30\/revisions\/37"}],"wp:attachment":[{"href":"https:\/\/www.mmsaarelaoy.fi\/index.php\/wp-json\/wp\/v2\/media?parent=30"}],"curies":[{"name":"wp","href":"https:\/\/api.w.org\/{rel}","templated":true}]}}